59) + (1 - (-1 + 0))?
9
5 + -15 + 1 + 6 + 14
11
What is the value of -11 + (9 - -5) + 5?
8
What is 4 + (0 + -4 - -4)?
4
What is 1 + (0 - -1) + (-1 - 4)?
-3
What is the value of 0 + 1 - (-3 + 13 - 4)?
-5
What is the value of 1 - 0 - (-1 - (-4 + 0))?
-2
What is -4 + 1 + -3 + 2?
-4
Evaluate -3 - (5 - (3 + 3)).
-2
What is the value of -10 + 27 + -7 + -17?
-7
Calculate (-17 - -8) + 13 + 3 + 0.
7
Evaluate 0 + (1 - -5) + -4 - 1.
1
What is 3 - (-8 - -21) - -6?
-4
11 - (7 - (-4 - -4 - -1))
5
Evaluate (2 - (-4 + 2) - 4) + 0.
0
What is the value of 0 + (15 - 5) + -3?
7
What is (-8 - 0) + 2 - -5?
-1
Evaluate 8 - (-5 - -22) - -8.
-1
What is ((-8 - -15) + -1 - 3) + 0?
3
Evaluate -25 + 22 + (-1 - -2).
-2
5 - 2 - (-4 + 0 + 2)
5
-10 + (-6 - -9) - -12
5
Evaluate (-2 - (-7 + 2)) + (-6 - -3).
0
39 - 31 - (-2 + -2 + 7)
5
What is -9 + (7 - -11) + 1 + -5?
5
1 + -1 + 5 + 0
5
4 - (-4 + 8 + (12 - 6))
-6
Calculate 6 - 1 - (1 - (1 - 3)).
2
Calculate (3 - (2 + 0)) + -2 + -4.
-5
What is the value of (-3 - -1) + (5 - -1)?
4
-1 + (2 - 4) - (-21 + 18)
0
Evaluate (-1 - 0) + -4 + 10 + -8.
-3
Calculate 16 + -21 - (-12 - -2).
5
Evaluate -4 - (-2 + 1 - -1).
-4
Evaluate (5 - -3) + -9 + (2 - -5).
6
8 + -10 - 9 - -6
-5
What is the value of 0 + 2 + (-9 - (-7 - 0))?
0
0 + 2 - (4 + -5)
3
What is the value of 1 + (4 - 2) - -2?
5
What is the value of 5 + -4 - 2 - -4?
3
What is 4 + (-11 - -1) + 13?
7
What is the value of 22 + -15 + 0 + -6?
1
-7 - (-7 + 12 + -19)
7
What is 3 + -7 - (25 + -30)?
1
Calculate (-18 - -16) + 8 + -2 + -3.
1
8 - (4 - ((-1 - -2) + 0))
5
Calculate (1 + -1 - 1) + (31 - 34).
-4
Evaluate (-4 - 0) + (26 - 6 - 8).
8
What is -1 + 5 - (-3 - (-4 + -1))?
2
Calculate 0 + -14 - (-38 - -29).
-5
Evaluate (4 - 14 - -5) + 2.
-3
Evaluate 1 - 6 - (-3 - 3 - -4).
-3
What is the value of (0 - (-6 + 4)) + -3 - -2?
1
Evaluate 0 - 0 - (-4 + -3 - -6).
1
Calculate -1 - 10 - (42 - 56).
3
What is 3 + -4 - (2 - -1)?
-4
What is 6 - (8 + 6 + -10)?
2
What is the value of 1 + -6 + 9 - (2 + -1)?
3
0 + (-8 - -6) + (1 - -1)
0
Calculate 1 - (4 + (3 - 7 - -5)).
-4
-12 + 16 + -2 - (6 - 0)
-4
What is (3 - 4) + 0 - -1?
0
Calculate -5 + 5 + -6 - -2.
-4
What is 11 + 1 + -9 + -2?
1
What is the value of 1 - ((2 - 2) + 3)?
-2
What is (4 - 7) + 3 + 2?
2
Calculate -4 + 0 - (-13 + 5 + 3).
1
(-28 - -31) + (-1 - -3) + -2
3
Evaluate 1 - -4 - (50 + -46).
1
Evaluate (2 - 3) + 4 + 1.
4
What is the value of 5 + -4 + 0 + -1 + 0?
0
-15 + 15 + -8 + (-1 - -5)
-4
Evaluate -10 + 14 + -7 - -8.
5
Evaluate 76 + -67 + -8 + -1.
0
4 + -3 + (-4 - -4) + -3
-2
What is the value of 4 + (-14 - -9) + (2 - 1)?
0
Calculate -5 + 9 + 8 + -11.
1
What is the value of 2 - (-1 - -4) - (14 - 13)?
-2
What is the value of 3 + -4 + 4 + 2?
5
Evaluate -15 + 5 + (-2 - -7).
-5
(10 - 6) + -13 + 2
-7
Calculate (1 - -8) + -3 + -13.
-7
Evaluate (-10 - -19) + -1 + -4 + 1.
5
-2 - (3 + -12) - (-31 + 48)
-10
What is the value of (-1 + 7 - 2) + 1?
5
2 - (8 + -2) - (0 - 0)
-4
Evaluate 5 - (9 - (-7 - -5)).
-6
Calculate 2 + -5 + 7 + -7.
-3
What is (-3 - (8 - 17)) + -3 + -7?
-4
6 + -7 + (-5 - -8)
2
11 - (7 - 7 - -7)
4
What is the value of (-2 - 1) + -35 + 41 + -10?
-7
Calculate 7 - (-1 + -4 - -13).
-1
2 + (0 + 1 - 4 - 0)
-1
What is 5 + (1 - -8) + -17?
-3
Evaluate (1 - 0) + -5 - -3.
-1
Evaluate -11 + 3 + 3 + (4 - -5).
4
Evaluate (-79 - -79) + -1 + 4.
3
Calculate 3 - ((-7 - -3) + 4).
3
What is the value of -7 + 10 + (-3 - (-1 + 2))?
-1
Calculate (-6 - -2) + (13 - 5) - 7.
-3
4 - (4 - (4 - 7))
-3
1 + -4 - (-10 + 4)
3
What is -8 + (8 - (2 - -1)) - -8?
5
Calculate -4 - (-2 - (2 - -4)) - 7.
-3
What is the value of (2 - 6) + (-3 - (-6 - 3))?
2
Calculate 3 - (-1 + 7) - (-5 + -1).
3
What is the value of 6 + (5 - 1) + -7?
3
Calculate -5 - (-7 + 2 + -3).
3
-8 + 12 + -2 - (-1 - 2)
5
-5 + (7 - (3 + -6))
5
What is 1 + (4 - -4 - 4) + -4?
1
Evaluate 12 - (-2 - -14 - 6).
6
Evaluate -2 - (1 + 6 + -9).
0
What is 1 - (-4 - -1 - -6 - 3)?
1
1 + (-4 - (-11 + 3))
5
What is the value of 0 + 6 + 0 + -6?
0
What is 0 + 9 + (-20 - -17)?
6
Calculate (-1 - 1) + (16 - 7 - 9).
-2
What is 87 + -83 + (-2 - -1) + -5?
-2
Evaluate -3 + 3 + -2 - (-1 - -3).
-4
What is -9 - (-1 + 7 - 1 - 8)?
-6
9 - ((6 - (0 + -1)) + -2)
4
Calculate 0 + (-4 - 0) + 4 - 1.
-1
Evaluate 0 + -5 + 2 + (3 - -2).
2
What is -9 + 1 - (-12 - -8)?
-4
What is the value of -5 + -3 + 8 + 4?
4
Calculate (5 - 8) + 6 + -4 + 2.
1
5 + 1 + -1 + 5 + -21
-11
2 + -5 + 2 - 0
-1
Evaluate -2 + (6 - 4) + 0.
0
Calculate 5 + -6 - ((-3 - -1) + -2).
3
Calculate (-6 - 9) + (11 - 0).
-4
What is the value of 2 - (0 + 0 + -5)?
7
Calculate -1 - 1 - (-2 + -2 - 1).
3
What is the value of (3 + -10 - 0) + 7?
0
(-4 - -5 - -3) + 1
5
Calculate (7 - 8) + -9 + 7.
-3
(18 - 21) + (-5 - 0)
-8
Calculate 0 - -6 - (0 - -12).
-6
Calculate -1 + 0 - (-2 + 0).
1
Evaluate -1 + (1 + 2 - 2) + -2.
-2
(-5 - 0 - 4) + 4
-5
5 - (7 + (-11 - -1))
8
Calculate (-7 - -2) + 7 + 1 + -1.
2
(87 - 97) + 1 + 0 + 5
-4
What is the value of 8 - (4 - -1 - (-43 + 50))?
10
Evaluate 5 - (5 + 1) - -3 - 3.
-1
Evaluate 4 + 1 + (-9 - 10 - -6).
-8
(22 - 11) + -6 + -10 + 0
-5
What is -3 - (-2 + (-2 - 3))?
4
What is -4 + 3 + (-2 - 0 - -7)?
4
-5 + 7 + 0 + -1 - -1
2
What is (3 - 4) + -8 + 7?
-2
What is -3 + (0 - (-2 - -1)) + -1?
-3
What is the value of -18 + 17 + (4 - -2) + -2?
3
Calculate (-19 - -22) + (-2 - -5).
6
1 + 0 + 8 + -6
3
What is the value of -12 - (-7 + 3 - 4)?
-4
What is 3 - (-2 - -8) - (-4 - -2)?
-1
Evaluate -3 + (3 - 16 - (-2 - 4)).
-10
-33 + 26 - (-5 + -1 + 3)
-4
What is 3 - (-6 - -6 - -4)?
-1
Evaluate -4 + -4 + 1 + 11.
4
What is the value of (-5 - -2 - -6) + 2?
5
Evaluate -2 + 2 + (1 - 1) - -5.
5
What is the value of -2 + (-4 - -2) - 0?
-4
1 + -2 - (13 + -10)
-4
Calculate -10 - -9 - (-3 + -1 + -2).
5
Evaluate 2 - 2 - (-6 + (-3 - -9)).
0
What is 5 + -1 - (0 + (9 - 10))?
5
Evaluate -3 + (-2 + 2 - -7).
4
Calculate 2 + -1 - (-20 - -20).
1
What is (1 - 1) + (15 - 19) + 14?
10
What is (-4 + 0 - 4) + 6?
-2
3 + -13 + 11 + 1 + -3
-1
Evaluate 3 - (6 + 4 - 5).
-2
What is the value of -5 - ((-8 + -2 - -2) + -2)?
5
What is -4 - (-2 + 1) - -3?
0
33 + -32 + (1 + 0 - -2)
4
What is (0 - -1) + -4 - (19 + -23)?
1
22 + (-5 - 17) - (-1 - 2)
3
14 + -17 - (1 + 1)
-5
What is 4 - (0 + 2 - (-1 - -6))?
7
What is -7 + 7 + -2 + -1 + 1?
-2
Calculate (-4 + 15 - 7) + -5.
-1
Calculate 7 + -1 + 8 + (-6 - -1).
9
Evaluate (-4 - 1 - -1) + (1 - -8).
5
Calculate 13 + -9 + 5 - (2 + 3).
4
What is (301 - 290) + -23 + 1?
-11
What is the value of 9 + (-13 - -5) + -3 + 0?
-2
Evaluate (1 - -2) + -3 + 0 + -4.
-4
Evaluate (-1 - -6) + (31 - 33).
3
What is (2 + -1 - -1) + -1?
1
What is (3 - 11) + 3 + 0?
-5
Evaluate 20 - 12 - 6 - 6.
-4
What is the value of (5 - 5) + 5 + -1?
4
What is the value of -4 - 2 - (2 - 0 - 4)?
-4
What is (4 + -6 - -4) + 3?
5
Evaluate 1 + 4 + -6 + -3 + 6.
2
(8 - 2) + -1 + -7
-2
What is the value of -8 - (0 + -8) - 3?
-3
What is (-16 + 8 - 0) + 12?
4
27 + -27 - (-4 - 1)
5
What is the value of -3 - ((-5 - -1) + 9 + -3)?
-5
Calculate 6 + (-6 + 3 - 4).
-1
Calculate (-18 + 6 - -2) + 4.
-6
-19 - -11 - (0 - 11)
3
What is the value of 5 - (3 - (4 - 4 - -2))?
4
-16 - -7 - (2 - 0)
-11
What is 5 - (14 - 10) - (-6 - -1)?
6
Evaluate (35 - 40) + (6 - -1).
2
What is 1 - (-3 - (1 + -8)) - -8?
5
Evaluate (1 - (32 + -23)) + (-1 - -2).
-7
What is the value of -1 - (-4 + 2) - (18 - 23)?
6
What is the value of 8 + 2 - (1 - -6) - -5?
8
-6 + 0 - (-2 - (-3 + 4))
-3
Calculate -9 + 2 + (6 - (3 + 3)).
-7
What is the value of -9 + (-10 - -19) + -1?
-1
(4 - -3) + 23 + -34
-4
Calculate (-4 - (-2 - -3)) + 5.
0
4 + (5 + -5 - 0)
4
Evaluate (-4 - -5) + 1 - 0.
2
52 - 47 - (-1 + 6)
0
What is 1 + 4 + -10 + -2?
-7
Calculate (-1 - (-1 + 0)) + -9 + 4.
-5
(7 - -2) + -1 - (8 - 4)
4
Evaluate -3 - -3 - ((7 - -6) + -6).
-7
What is 2 + (3 + -7 - -5)?
3
What is 4 - (5 - -5 - 4)?
-2
What is 2 - -2 - (8 + -4)?
0
What is (3 - -1) + (0 - -2)?
6
What is the value of -12 + 15 - (-2 - (-2 + -1))?
2
What is the value of -6 - (7 + -14 + 3)?
-2
Calculate 3 + (2 - (7 + -3 + 4)).
-3
Evaluate -8 - (0 + 6 - 8) - -6.
0
(-3 - 1) + -20 + 24
0
2 + -5 + (-50 - -51)
-2
2 + -2 + 1 + (3 - 1)
3
Calculate (2 - (2 + 3)) + (-3 - 0).
-6
What is 1 + (-8 - -6 - -1)?
0
7 - (1 + -4 - -5)
5
What is (3 - 9) + (-11 - -19)?
2
What is the value of -1 - 9 - (-6 - -2 - 1)?
-5
Evaluate 1 + 3 + (-4 - 1).
